digit of 1234?
3
What is the hundreds digit of 35853?
8
What is the tens digit of 9274?
7
What is the units digit of 1101?
1
What is the tens digit of 3659?
5
What is the tens digit of 36122?
2
What is the hundreds digit of 1336?
3
What is the hundreds digit of 5336?
3
What is the hundreds digit of 32608?
6
What is the hundreds digit of 4752?
7
What is the hundreds digit of 3721?
7
What is the thousands digit of 5413?
5
What is the thousands digit of 4213?
4
What is the hundreds digit of 3520?
5
What is the hundreds digit of 31185?
1
What is the thousands digit of 1636?
1
What is the tens digit of 3100?
0
What is the hundreds digit of 32384?
3
What is the hundreds digit of 331?
3
What is the tens digit of 6058?
5
What is the hundreds digit of 745?
7
What is the units digit of 3329?
9
What is the units digit of 7148?
8
What is the units digit of 1076?
6
What is the units digit of 10312?
2
What is the tens digit of 1268?
6
What is the ten thousands digit of 64165?
6
What is the thousands digit of 1236?
1
What is the thousands digit of 1689?
1
What is the thousands digit of 11900?
1
What is the tens digit of 2243?
4
What is the thousands digit of 2417?
2
What is the tens digit of 2009?
0
What is the thousands digit of 83721?
3
What is the ten thousands digit of 13136?
1
What is the hundreds digit of 5511?
5
What is the units digit of 201?
1
What is the hundreds digit of 2582?
5
What is the ten thousands digit of 10076?
1
What is the ten thousands digit of 25221?
2
What is the units digit of 34217?
7
What is the units digit of 4898?
8
What is the tens digit of 70?
7
What is the thousands digit of 58381?
8
What is the thousands digit of 7789?
7
What is the units digit of 1044?
4
What is the thousands digit of 2293?
2
What is the tens digit of 328?
2
What is the units digit of 152?
2
What is the units digit of 4133?
3
What is the units digit of 7240?
0
What is the ten thousands digit of 24392?
2
What is the ten thousands digit of 90871?
9
What is the hundreds digit of 3357?
3
What is the tens digit of 97449?
4
What is the ten thousands digit of 14003?
1
What is the thousands digit of 30322?
0
What is the units digit of 157849?
9
What is the hundreds digit of 5005?
0
What is the hundreds digit of 48984?
9
What is the units digit of 1213?
3
What is the thousands digit of 10249?
0
What is the hundreds digit of 587?
5
What is the tens digit of 14?
1
What is the ten thousands digit of 11931?
1
What is the thousands digit of 2186?
2
What is the thousands digit of 17630?
7
What is the ten thousands digit of 42599?
4
What is the tens digit of 994?
9
What is the units digit of 5695?
5
What is the hundreds digit of 1294?
2
What is the tens digit of 45504?
0
What is the units digit of 15583?
3
What is the hundreds digit of 19461?
4
What is the tens digit of 581?
8
What is the thousands digit of 1287?
1
What is the tens digit of 11992?
9
What is the hundreds digit of 188?
1
What is the tens digit of 7965?
6
What is the hundreds digit of 520?
5
What is the tens digit of 16172?
7
What is the ten thousands digit of 46125?
4
What is the hundred thousands digit of 126728?
1
What is the hundreds digit of 4539?
5
What is the thousands digit of 2596?
2
What is the thousands digit of 12731?
2
What is the hundreds digit of 12312?
3
What is the hundreds digit of 17402?
4
What is the hundreds digit of 29305?
3
What is the hundreds digit of 5545?
5
What is the tens digit of 170?
7
What is the tens digit of 11481?
8
What is the thousands digit of 5290?
5
What is the hundreds digit of 32792?
7
What is the units digit of 871?
1
What is the thousands digit of 1902?
1
What is the thousands digit of 8826?
8
What is the thousands digit of 23203?
3
What is the hundreds digit of 344?
3
What is the ten thousands digit of 10925?
1
What is the units digit of 8139?
9
What is the hundreds digit of 11967?
9
What is the hundreds digit of 68071?
0
What is the hundred thousands digit of 106145?
1
What is the units digit of 5230?
0
What is the tens digit of 4639?
3
What is the hundreds digit of 1909?
9
What is the ten thousands digit of 102002?
0
What is the thousands digit of 71123?
1
What is the thousands digit of 45319?
5
What is the thousands digit of 39750?
9
What is the thousands digit of 64662?
4
What is the hundreds digit of 10089?
0
What is the units digit of 936?
6
What is the thousands digit of 2436?
2
What is the tens digit of 1130?
3
What is the units digit of 4256?
6
What is the ten thousands digit of 16491?
1
What is the hundreds digit of 5804?
8
What is the hundreds digit of 10869?
8
What is the units digit of 42722?
2
What is the ten thousands digit of 33248?
3
What is the ten thousands digit of 21735?
2
What is the units digit of 4390?
0
What is the tens digit of 3460?
6
What is the ten thousands digit of 14462?
1
What is the hundreds digit of 2814?
8
What is the ten thousands digit of 64532?
6
What is the hundreds digit of 8979?
9
What is the thousands digit of 23210?
3
What is the tens digit of 7979?
7
What is the hundreds digit of 560?
5
What is the thousands digit of 95310?
5
What is the units digit of 1873?
3
What is the tens digit of 1177?
7
What is the tens digit of 758?
5
What is the thousands digit of 2368?
2
What is the hundreds digit of 221?
2
What is the units digit of 21567?
7
What is the units digit of 50?
0
What is the tens digit of 55?
5
What is the units digit of 17675?
5
What is the thousands digit of 110525?
0
What is the thousands digit of 22823?
2
What is the hundreds digit of 799?
7
What is the tens digit of 950?
5
What is the thousands digit of 19138?
9
What is the units digit of 2220?
0
What is the tens digit of 35802?
0
What is the thousands digit of 71055?
1
What is the units digit of 46520?
0
What is the thousands digit of 2087?
2
What is the tens digit of 16036?
3
What is the units digit of 12930?
0
What is the ten thousands digit of 54417?
5
What is the tens digit of 62252?
5
What is the ten thousands digit of 48489?
4
What is the thousands digit of 92330?
2
What is the tens digit of 1842?
4
What is the units digit of 61031?
1
What is the tens digit of 1059?
5
What is the hundreds digit of 5829?
8
What is the ten thousands digit of 23601?
2
What is the tens digit of 32801?
0
What is the hundreds digit of 88150?
1
What is the units digit of 24290?
0
What is the hundreds digit of 1484?
4
What is the hundreds digit of 56278?
2
What is the ten thousands digit of 15453?
1
What is the units digit of 7818?
8
What is the units digit of 1659?
9
What is the ten thousands digit of 11887?
1
What is the hundreds digit of 19896?
8
What is the thousands digit of 24500?
4
What is the tens digit of 1696?
9
What is the tens digit of 21786?
8
What is the tens digit of 2139?
3
What is the tens digit of 648?
4
What is the units digit of 5466?
6
What is the thousands digit of 50693?
0
What is the ten thousands digit of 34986?
3
What is the units digit of 44052?
2
What is the hundreds digit of 28179?
1
What is the units digit of 10087?
7
What is the tens digit of 741?
4
What is the thousands digit of 5653?
5
What is the ten thousands digit of 11640?
1
What is the units digit of 1942?
2
What is the units digit of 33720?
0
What is the tens digit of 16525?
2
What is the units digit of 1377?
7
What is the tens digit of 292?
9
What is the ten thousands digit of 34848?
3
What is the hundreds digit of 4479?
4
What is the units digit of 4428?
8
What is the hundreds digit of 601?
6
What is the hundreds digit of 988?
9
What is the thousands digit of 10831?
0
What is the thousands digit of 3919?
3
What is the units digit of 22994?
4
What is the tens digit of 1000?
0
What is the hundreds digit of 227?
2
What is the thousands digit of 5763?
5
What is the hundreds digit of 2414?
4
What is the hundreds digit of 941?
9
What is the hundreds digit of 2011?
0
What is the units digit of 9936?
6
What is the units digit of 4556?
6
What is the tens digit of 3166?
6
What is the hundreds digit of 8497?
4
What is the units digit of 668?
8
What is the units digit of 57310?
0
What is the tens digit of 6894?
9
What is the thousands digit of 23746?
3
What is the thousands digit of 1985?
1
What is the hundreds digit of 2506?
5
What is the tens digit of 29332?
3
What is the hundreds digit of 442